{"id":17,"date":"2022-05-26T08:27:07","date_gmt":"2022-05-26T08:27:07","guid":{"rendered":"https:\/\/aidam-fotografie.de\/?page_id=17"},"modified":"2024-05-01T19:49:06","modified_gmt":"2024-05-01T19:49:06","slug":"about-us","status":"publish","type":"page","link":"https:\/\/aidam-fotografie.de\/index.php\/about-us\/","title":{"rendered":"About Me"},"content":{"rendered":"\t\t<div data-elementor-type=\"wp-page\" data-elementor-id=\"17\" class=\"elementor elementor-17\">\n\t\t\t\t\t\t<section class=\"elementor-section elementor-top-section elementor-element elementor-element-96c3e20 elementor-section-boxed elementor-section-height-default elementor-section-height-default\" data-id=\"96c3e20\" data-element_type=\"section\" data-e-type=\"section\" data-settings=\"{&quot;background_background&quot;:&quot;classic&quot;}\">\n\t\t\t\t\t\t<div class=\"elementor-container elementor-column-gap-default\">\n\t\t\t\t\t<div class=\"elementor-column elementor-col-100 elementor-top-column elementor-element elementor-element-80485ef\" data-id=\"80485ef\" data-element_type=\"column\" data-e-type=\"column\">\n\t\t\t<div class=\"elementor-widget-wrap elementor-element-populated\">\n\t\t\t\t\t\t<section class=\"elementor-section elementor-inner-section elementor-element elementor-element-9e5e3cb elementor-section-boxed elementor-section-height-default elementor-section-height-default\" data-id=\"9e5e3cb\" data-element_type=\"section\" data-e-type=\"section\">\n\t\t\t\t\t\t<div class=\"elementor-container elementor-column-gap-default\">\n\t\t\t\t\t<div class=\"elementor-column elementor-col-50 elementor-inner-column elementor-element elementor-element-008f71e\" data-id=\"008f71e\" data-element_type=\"column\" data-e-type=\"column\">\n\t\t\t<div class=\"elementor-widget-wrap elementor-element-populated\">\n\t\t\t\t\t\t<div class=\"elementor-element elementor-element-1563e58 elementor-widget elementor-widget-image\" data-id=\"1563e58\" data-element_type=\"widget\" data-e-type=\"widget\" data-widget_type=\"image.default\">\n\t\t\t\t<div class=\"elementor-widget-container\">\n\t\t\t\t\t\t\t\t\t\t\t\t<figure class=\"wp-caption\">\n\t\t\t\t\t\t\t\t\t\t<img fetchpriority=\"high\" decoding=\"async\" width=\"683\" height=\"1024\" src=\"https:\/\/aidam-fotografie.de\/wp-content\/uploads\/2022\/07\/F0C5376_small-683x1024.jpg\" class=\"attachment-large size-large wp-image-516\" alt=\"\" srcset=\"https:\/\/aidam-fotografie.de\/wp-content\/uploads\/2022\/07\/F0C5376_small-683x1024.jpg 683w, https:\/\/aidam-fotografie.de\/wp-content\/uploads\/2022\/07\/F0C5376_small-200x300.jpg 200w, https:\/\/aidam-fotografie.de\/wp-content\/uploads\/2022\/07\/F0C5376_small-768x1152.jpg 768w, https:\/\/aidam-fotografie.de\/wp-content\/uploads\/2022\/07\/F0C5376_small-1024x1536.jpg 1024w, https:\/\/aidam-fotografie.de\/wp-content\/uploads\/2022\/07\/F0C5376_small-1365x2048.jpg 1365w, https:\/\/aidam-fotografie.de\/wp-content\/uploads\/2022\/07\/F0C5376_small-500x750.jpg 500w, https:\/\/aidam-fotografie.de\/wp-content\/uploads\/2022\/07\/F0C5376_small-800x1200.jpg 800w, https:\/\/aidam-fotografie.de\/wp-content\/uploads\/2022\/07\/F0C5376_small-1280x1920.jpg 1280w, https:\/\/aidam-fotografie.de\/wp-content\/uploads\/2022\/07\/F0C5376_small-scaled.jpg 1706w\" sizes=\"(max-width: 683px) 100vw, 683px\" \/>\t\t\t\t\t\t\t\t\t\t\t<figcaption class=\"widget-image-caption wp-caption-text\">Foto: Eduard Fenske<\/figcaption>\n\t\t\t\t\t\t\t\t\t\t<\/figure>\n\t\t\t\t\t\t\t\t\t<\/div>\n\t\t\t\t<\/div>\n\t\t\t\t\t<\/div>\n\t\t<\/div>\n\t\t\t\t<div class=\"elementor-column elementor-col-50 elementor-inner-column elementor-element elementor-element-ff77d06\" data-id=\"ff77d06\" data-element_type=\"column\" data-e-type=\"column\">\n\t\t\t<div class=\"elementor-widget-wrap elementor-element-populated\">\n\t\t\t\t\t\t<div class=\"elementor-element elementor-element-2e03de8 elementor-widget elementor-widget-heading\" data-id=\"2e03de8\" data-element_type=\"widget\" data-e-type=\"widget\" data-widget_type=\"heading.default\">\n\t\t\t\t<div class=\"elementor-widget-container\">\n\t\t\t\t\t<h2 class=\"elementor-heading-title elementor-size-default\">Amateur-Fotografie in Freiburg und der Welt<\/h2>\t\t\t\t<\/div>\n\t\t\t\t<\/div>\n\t\t\t\t<div class=\"elementor-element elementor-element-cb2d695 elementor-widget elementor-widget-text-editor\" data-id=\"cb2d695\" data-element_type=\"widget\" data-e-type=\"widget\" data-widget_type=\"text-editor.default\">\n\t\t\t\t<div class=\"elementor-widget-container\">\n\t\t\t\t\t\t\t\t\t<p>Als ich 2015 auf Studienfahrt nach Maroko gegangen bin, hat mein Vater mir seine Spiegelreflex-Kamera f\u00fcr diese Zeit anvertraut. Und auch, wenn die mit einer Canon 550d und dem 18-55mm Kit-Objektiv entstandenen Bilder f\u00fcr mich heute nicht mehr so beeindruckend aussehen wie damals, so ist doch in diesem Moment ein wunderbares Team geboren worden: Ich und die Fotografie.<br><\/p>\t\t\t\t\t\t\t\t<\/div>\n\t\t\t\t<\/div>\n\t\t\t\t\t<\/div>\n\t\t<\/div>\n\t\t\t\t\t<\/div>\n\t\t<\/section>\n\t\t\t\t<div class=\"elementor-element elementor-element-f9936c9 elementor-widget elementor-widget-text-editor\" data-id=\"f9936c9\" data-element_type=\"widget\" data-e-type=\"widget\" data-widget_type=\"text-editor.default\">\n\t\t\t\t<div class=\"elementor-widget-container\">\n\t\t\t\t\t\t\t\t\t<p>Heute bin ich 26, ITler und liebe es immernoch, die Welt durch einen Sucher zu sehen. Auch wenn ich zwischenzeitlich ein Jahr gar nicht fotografiert habe, oder anderthalb Jahre an Bildern in einem Festplattencrash verloren hab (h\u00e4tte ich mal regelm\u00e4\u00dfig Backups gemacht&#8230;), so hat es mich doch immer wieder zu meiner Kamera zur\u00fcck gezogen.<br>Inzwischen habe ich bei Hochzeiten fotografiert, Landschaften, Tiere und Portraits abgelichtet, bin f\u00fcr P\u00e4rchenshootings angefragt worden und f\u00fcr ehrenamtliche Auftr\u00e4ge und ziehe seit kurzem mit meiner Kamera auch durch die Stra\u00dfen. Dr\u00fccke ab auf das, was mir ins Auge springt und \u00e4rgere mich hinterher in Lightroom, dass ich die Kamera mal wieder nicht gerade gehalten habe.<\/p>\n<p>Ich liebe die Fotografie nicht mehr so wie am ersten Tag. Die erste Verliebtheit ist einer tieferen Liebe gewichen, die auch mal eine Durststrecke aush\u00e4lt, verlorene Bilder und Tage, an denen ich nicht ein annehmbares Bild zustande bekomme. Weil meine Kamera immer treu f\u00fcr mich da ist, wenn ich sie brauche. Weil mir der Kopf vom Gedankenchaos frei wird, wenn ich losziehe nur mit dem Ziel, ein gutes Bild zu machen. Weil meine Kamera und ich das Unm\u00f6gliche k\u00f6nnen: Die Zeit an- und den Moment festzuhalten.<\/p>\n<p>Weil wir zusammen etwas Gr\u00f6\u00dferes vollbringen k\u00f6nnen.<\/p>6\t\t\t\t\t\t\t\t<\/div>\n\t\t\t\t<\/div>\n\t\t\t\t<div class=\"elementor-element elementor-element-85ca248 elementor-widget elementor-widget-text-editor\" data-id=\"85ca248\" data-element_type=\"widget\" data-e-type=\"widget\" data-widget_type=\"text-editor.default\">\n\t\t\t\t<div class=\"elementor-widget-container\">\n\t\t\t\t\t\t\t\t\t<p>Tino Aidam<br><\/p>\t\t\t\t\t\t\t\t<\/div>\n\t\t\t\t<\/div>\n\t\t\t\t\t<\/div>\n\t\t<\/div>\n\t\t\t\t\t<\/div>\n\t\t<\/section>\n\t\t\t\t<\/div>\n\t\t","protected":false},"excerpt":{"rendered":"<p>Foto: Eduard Fenske Amateur-Fotografie in Freiburg und der Welt Als ich 2015 auf Studienfahrt nach Maroko gegangen bin, hat mein Vater mir seine Spiegelreflex-Kamera f\u00fcr diese Zeit anvertraut. Und auch, wenn die mit einer Canon 550d und dem 18-55mm Kit-Objektiv entstandenen Bilder f\u00fcr mich heute nicht mehr so beeindruckend aussehen wie damals, so ist doch [&hellip;]<\/p>\n","protected":false},"author":1,"featured_media":0,"parent":0,"menu_order":0,"comment_status":"closed","ping_status":"closed","template":"","meta":{"ocean_post_layout":"full-screen","ocean_both_sidebars_style":"","ocean_both_sidebars_content_width":0,"ocean_both_sidebars_sidebars_width":0,"ocean_sidebar":"0","ocean_second_sidebar":"0","ocean_disable_margins":"enable","ocean_add_body_class":"","ocean_shortcode_before_top_bar":"","ocean_shortcode_after_top_bar":"","ocean_shortcode_before_header":"","ocean_shortcode_after_header":"","ocean_has_shortcode":"","ocean_shortcode_after_title":"","ocean_shortcode_before_footer_widgets":"","ocean_shortcode_after_footer_widgets":"","ocean_shortcode_before_footer_bottom":"","ocean_shortcode_after_footer_bottom":"","ocean_display_top_bar":"off","ocean_display_header":"default","ocean_header_style":"","ocean_center_header_left_menu":"0","ocean_custom_header_template":"0","ocean_custom_logo":0,"ocean_custom_retina_logo":0,"ocean_custom_logo_max_width":0,"ocean_custom_logo_tablet_max_width":0,"ocean_custom_logo_mobile_max_width":0,"ocean_custom_logo_max_height":0,"ocean_custom_logo_tablet_max_height":0,"ocean_custom_logo_mobile_max_height":0,"ocean_header_custom_menu":"0","ocean_menu_typo_font_family":"0","ocean_menu_typo_font_subset":"","ocean_menu_typo_font_size":0,"ocean_menu_typo_font_size_tablet":0,"ocean_menu_typo_font_size_mobile":0,"ocean_menu_typo_font_size_unit":"px","ocean_menu_typo_font_weight":"","ocean_menu_typo_font_weight_tablet":"","ocean_menu_typo_font_weight_mobile":"","ocean_menu_typo_transform":"","ocean_menu_typo_transform_tablet":"","ocean_menu_typo_transform_mobile":"","ocean_menu_typo_line_height":0,"ocean_menu_typo_line_height_tablet":0,"ocean_menu_typo_line_height_mobile":0,"ocean_menu_typo_line_height_unit":"","ocean_menu_typo_spacing":0,"ocean_menu_typo_spacing_tablet":0,"ocean_menu_typo_spacing_mobile":0,"ocean_menu_typo_spacing_unit":"","ocean_menu_link_color":"","ocean_menu_link_color_hover":"","ocean_menu_link_color_active":"","ocean_menu_link_background":"","ocean_menu_link_hover_background":"","ocean_menu_link_active_background":"","ocean_menu_social_links_bg":"","ocean_menu_social_hover_links_bg":"","ocean_menu_social_links_color":"","ocean_menu_social_hover_links_color":"","ocean_disable_title":"on","ocean_disable_heading":"default","ocean_post_title":"","ocean_post_subheading":"","ocean_post_title_style":"","ocean_post_title_background_color":"","ocean_post_title_background":0,"ocean_post_title_bg_image_position":"","ocean_post_title_bg_image_attachment":"","ocean_post_title_bg_image_repeat":"","ocean_post_title_bg_image_size":"","ocean_post_title_height":0,"ocean_post_title_bg_overlay":0.5,"ocean_post_title_bg_overlay_color":"","ocean_disable_breadcrumbs":"default","ocean_breadcrumbs_color":"","ocean_breadcrumbs_separator_color":"","ocean_breadcrumbs_links_color":"","ocean_breadcrumbs_links_hover_color":"","ocean_display_footer_widgets":"off","ocean_display_footer_bottom":"default","ocean_custom_footer_template":"0","_vp_format_video_url":"","_vp_image_focal_point":[],"footnotes":""},"class_list":["post-17","page","type-page","status-publish","hentry","entry"],"aioseo_notices":[],"_links":{"self":[{"href":"https:\/\/aidam-fotografie.de\/index.php\/wp-json\/wp\/v2\/pages\/17","targetHints":{"allow":["GET"]}}],"collection":[{"href":"https:\/\/aidam-fotografie.de\/index.php\/wp-json\/wp\/v2\/pages"}],"about":[{"href":"https:\/\/aidam-fotografie.de\/index.php\/wp-json\/wp\/v2\/types\/page"}],"author":[{"embeddable":true,"href":"https:\/\/aidam-fotografie.de\/index.php\/wp-json\/wp\/v2\/users\/1"}],"replies":[{"embeddable":true,"href":"https:\/\/aidam-fotografie.de\/index.php\/wp-json\/wp\/v2\/comments?post=17"}],"version-history":[{"count":21,"href":"https:\/\/aidam-fotografie.de\/index.php\/wp-json\/wp\/v2\/pages\/17\/revisions"}],"predecessor-version":[{"id":786,"href":"https:\/\/aidam-fotografie.de\/index.php\/wp-json\/wp\/v2\/pages\/17\/revisions\/786"}],"wp:attachment":[{"href":"https:\/\/aidam-fotografie.de\/index.php\/wp-json\/wp\/v2\/media?parent=17"}],"curies":[{"name":"wp","href":"https:\/\/api.w.org\/{rel}","templated":true}]}}